{"id":2090,"date":"2021-06-11T14:57:44","date_gmt":"2021-06-11T14:57:44","guid":{"rendered":"https:\/\/inderca.com\/nueva\/?page_id=2090"},"modified":"2022-11-21T15:22:32","modified_gmt":"2022-11-21T15:22:32","slug":"electrodos","status":"publish","type":"page","link":"http:\/\/inderca.com\/nueva\/electrodos\/","title":{"rendered":"Electrodos"},"content":{"rendered":"<div id=\"fb-root\"><\/div>\r\n<p><section id=\"bt_bb_section69e1e81a58114\"  data-background_image_src=\"'http:\/\/inderca.com\/nueva\/wp-content\/uploads\/2021\/05\/MG_3201-45-1.jpg'\" class=\"bt_bb_section bt_bb_top_spacing_extra_large bt_bb_bottom_spacing_large bt_bb_color_scheme_11 bt_bb_layout_boxed_1200 bt_bb_vertical_align_top btLazyLoadBackground bt_bb_background_image bt_bb_background_overlay_alternate_solid bt-dark-skin\" style=\"background-image:url(&#039;http:\/\/inderca.com\/nueva\/wp-content\/plugins\/bold-page-builder\/img\/blank.gif&#039;);\"><div class=\"bt_bb_port\"><div class=\"bt_bb_cell\"><div class=\"bt_bb_cell_inner\"><div class=\"bt_bb_row \"  data-bt-override-class=\"{}\"><div class=\"bt_bb_row_holder\" ><div  class=\"bt_bb_column col-xxl-6 col-xl-6 bt_bb_vertical_align_top bt_bb_align_left bt_bb_padding_normal bt_bb_animation_fade_in zoom_out animate\" style=\"; --column-width:6;\" data-width=\"6\" data-bt-override-class=\"{}\"><div class=\"bt_bb_column_content\"><div class=\"bt_bb_column_content_inner\"><header class=\"bt_bb_headline bt_bb_color_scheme_1 bt_bb_dash_top bt_bb_size_extralarge bt_bb_superheadline bt_bb_align_inherit\"><div class=\"bt_bb_headline_superheadline_outside\"><span class=\"bt_bb_headline_superheadline\"><span>ELECTRODOS<\/span><\/span><\/div><h1><span class=\"bt_bb_headline_content\"><span>Te ofrecemos la mejor soluci\u00f3n<span class=\"bt_bb_outline_text bt_bb_outline_text_align_center bt_bb_outline_text_size_400\"><span>Inderca<\/span><\/span><\/span><\/span><\/h1><\/header><div class=\"bt_bb_separator bt_bb_border_style_none bt_bb_bottom_spacing_60\" data-bt-override-class=\"null\"><\/div><div class=\"bt_bb_button bt_bb_color_scheme_5 bt_bb_icon_position_left bt_bb_style_filled bt_bb_size_normal bt_bb_width_inline bt_bb_shape_inherit bt_bb_target_self bt_bb_align_inherit\" style=\"; --primary-color:#000000; --secondary-color:#06c6f0;\" data-bt-override-class=\"{&quot;bt_bb_size_&quot;:{&quot;current_class&quot;:&quot;bt_bb_size_normal&quot;,&quot;def&quot;:&quot;normal&quot;,&quot;xl&quot;:&quot;normal&quot;},&quot;bt_bb_align_&quot;:{&quot;current_class&quot;:&quot;bt_bb_align_inherit&quot;,&quot;def&quot;:&quot;inherit&quot;,&quot;xl&quot;:&quot;inherit&quot;}}\"><a href=\"https:\/\/inderca.com\/nueva\/contacto\/\" target=\"_self\" class=\"bt_bb_link\" title=\"Contacta con Nosotros\"><span class=\"bt_bb_button_text\" >Contacta con Nosotros<\/span><\/a><\/div><\/div><\/div><\/div><div  class=\"bt_bb_column col-xxl-6 col-xl-6 bt_bb_vertical_align_top bt_bb_align_center bt_bb_padding_normal\" style=\"; --column-width:6;\" data-width=\"6\" data-bt-override-class=\"{}\"><div class=\"bt_bb_column_content\"><div class=\"bt_bb_column_content_inner\"><\/div><\/div><\/div><\/div><\/div><\/div><\/div><\/div><\/section><section id=\"bt_bb_section69e1e81a58995\"  class=\"bt_bb_section bt_bb_top_spacing_100 bt_bb_bottom_spacing_40 bt_bb_layout_wide bt_bb_vertical_align_top\" ><div class=\"bt_bb_port\"><div class=\"bt_bb_cell\"><div class=\"bt_bb_cell_inner\"><div class=\"bt_bb_row bt_bb_row_push_right bt_bb_content_wide bt_bb_row_width_boxed_1200 bt_bb_row_width_boxed \"  data-bt-override-class=\"{}\"><div class=\"bt_bb_row_holder\" ><div  class=\"bt_bb_column col-xxl-12 col-xl-12 col-xs-12 col-sm-12 col-md-12 col-lg-12 bt_bb_vertical_align_top bt_bb_align_left bt_bb_padding_normal bt_bb_animation_fade_in animate\" style=\"; --column-width:12;\" data-width=\"12\" data-bt-override-class=\"{}\"><div class=\"bt_bb_column_content\"><div class=\"bt_bb_column_content_inner\"><header class=\"bt_bb_headline bt_bb_font_weight_600 bt_bb_dash_none bt_bb_size_small bt_bb_align_inherit\"><h4><span class=\"bt_bb_headline_content\"><span>Electrodos<\/span><\/span><\/h4><\/header><div class=\"bt_bb_separator bt_bb_border_style_none bt_bb_bottom_spacing_20\" data-bt-override-class=\"null\"><\/div><div  class=\"bt_bb_text\" ><\/p>\n<p>M\u00e1s de 20 a\u00f1os de experiencia nos respaldan en la fabricaci\u00f3n de electrodos para la soldadura de alta frecuencia.<\/p>\n<p>Los electrodos son los elementos m\u00e1s usados en el proceso de soldadura por resistencia, a trav\u00e9s de los cuales se pueden soldar diferentes tipos de l\u00e1minas con diferentes tipos de recubrimientos.<\/p>\n<p>La fabricaci\u00f3n de nuestros electrodos parte de materias primas de la mejor calidad.<\/p>\n<p>Wolframio y Cobre son los materiales m\u00e1s empleados.<\/p>\n<p>\n<\/div><div class=\"bt_bb_separator bt_bb_border_style_none bt_bb_bottom_spacing_20\" data-bt-override-class=\"null\"><\/div><\/div><\/div><\/div><\/div><\/div><\/div><\/div><\/div><\/section><section id=\"bt_bb_section69e1e81a58f28\"  class=\"bt_bb_section bt_bb_top_spacing_100 bt_bb_bottom_spacing_40 bt_bb_layout_wide bt_bb_vertical_align_top\" ><div class=\"bt_bb_port\"><div class=\"bt_bb_cell\"><div class=\"bt_bb_cell_inner\"><div class=\"bt_bb_row bt_bb_row_push_right bt_bb_content_wide bt_bb_row_width_boxed_1200 bt_bb_row_width_boxed \"  data-bt-override-class=\"{}\"><div class=\"bt_bb_row_holder\" ><\/div><\/div><div class=\"bt_bb_row bt_bb_row_width_boxed_1200 bt_bb_row_width_boxed \"  data-bt-override-class=\"{}\"><div class=\"bt_bb_row_holder\" ><div  class=\"bt_bb_column col-xxl-12 col-xl-12 col-xs-12 col-sm-12 col-md-12 col-lg-12 bt_bb_vertical_align_middle bt_bb_align_center bt_bb_padding_normal\" style=\"; --column-width:12;\" data-width=\"12\" data-bt-override-class=\"{&quot;bt_bb_align_&quot;:{&quot;current_class&quot;:&quot;bt_bb_align_center&quot;,&quot;def&quot;:&quot;center&quot;,&quot;xl&quot;:&quot;center&quot;}}\"><div class=\"bt_bb_column_content\"><div class=\"bt_bb_column_content_inner\"><div class=\"bt_bb_masonry_image_grid bt_bb_grid_container bt_bb_columns_3 bt_bb_gap_small\" data-columns=\"3\"><div class=\"bt_bb_masonry_post_image_content\" data-columns=\"3\"><div class=\"bt_bb_grid_sizer\"><\/div><div class=\"bt_bb_grid_item bt_bb_tile_format11\" data-hw=\"1\" data-src=\"http:\/\/inderca.com\/nueva\/wp-content\/uploads\/2021\/05\/MG_3197-43-1-160x160.jpg\" data-src-full=\"http:\/\/inderca.com\/nueva\/wp-content\/uploads\/2021\/05\/MG_3197-43-1-640x960.jpg\" data-title=\"\"><div class=\"bt_bb_grid_item_inner\" data-hw=\"1\" ><div class=\"bt_bb_grid_item_inner_image\"><\/div><div class=\"bt_bb_grid_item_inner_content\"><\/div><\/div><\/div><div class=\"bt_bb_grid_item bt_bb_tile_format11\" data-hw=\"1\" data-src=\"http:\/\/inderca.com\/nueva\/wp-content\/uploads\/2021\/06\/cab3-160x160.jpg\" data-src-full=\"http:\/\/inderca.com\/nueva\/wp-content\/uploads\/2021\/06\/cab3.jpg\" data-title=\"\"><div class=\"bt_bb_grid_item_inner\" data-hw=\"1\" ><div class=\"bt_bb_grid_item_inner_image\"><\/div><div class=\"bt_bb_grid_item_inner_content\"><\/div><\/div><\/div><div class=\"bt_bb_grid_item bt_bb_tile_format11\" data-hw=\"1\" data-src=\"http:\/\/inderca.com\/nueva\/wp-content\/uploads\/2021\/05\/MG_3201-45-1-160x160.jpg\" data-src-full=\"http:\/\/inderca.com\/nueva\/wp-content\/uploads\/2021\/05\/MG_3201-45-1-640x427.jpg\" data-title=\"\"><div class=\"bt_bb_grid_item_inner\" data-hw=\"1\" ><div class=\"bt_bb_grid_item_inner_image\"><\/div><div class=\"bt_bb_grid_item_inner_content\"><\/div><\/div><\/div><\/div><\/div><div class=\"bt_bb_separator bt_bb_border_style_none bt_bb_bottom_spacing_20\" data-bt-override-class=\"null\"><\/div><\/div><\/div><\/div><\/div><\/div><\/div><\/div><\/div><\/section><section id=\"bt_bb_section69e1e81a5a1f2\"  class=\"bt_bb_section bt_bb_bottom_spacing_100 bt_bb_layout_boxed_1200 bt_bb_vertical_align_top bt_bb_hidden_xs bt_bb_hidden_ms bt_bb_hidden_sm\" ><div class=\"bt_bb_port\"><div class=\"bt_bb_cell\"><div class=\"bt_bb_cell_inner\"><div class=\"bt_bb_row \"  data-bt-override-class=\"{}\"><div class=\"bt_bb_row_holder\" ><div  class=\"bt_bb_column col-xxl-12 col-xl-12 bt_bb_vertical_align_top bt_bb_align_left bt_bb_padding_normal\" style=\"; --column-width:12;\" data-width=\"12\" data-bt-override-class=\"{}\"><div class=\"bt_bb_column_content\"><div class=\"bt_bb_column_content_inner\"><\/div><\/div><\/div><\/div><\/div><\/div><\/div><\/div><\/section><\/p>\n","protected":false},"excerpt":{"rendered":"<p>Interactively procrastinate high-payoff content without backward-compatible data. Quickly cultivate optimal processes and tactical architectures. Completely iterate covalent strategic theme areas via accurate e-markets.<\/p>\n","protected":false},"author":1,"featured_media":0,"parent":0,"menu_order":0,"comment_status":"closed","ping_status":"closed","template":"","meta":{"footnotes":""},"class_list":["post-2090","page","type-page","status-publish","hentry"],"yoast_head":"<!-- This site is optimized with the Yoast SEO plugin v27.4 - https:\/\/yoast.com\/product\/yoast-seo-wordpress\/ -->\r\n<title>Electrodos - CM Inderca<\/title>\r\n<meta name=\"description\" content=\"Electrodos\" \/>\r\n<meta name=\"robots\" content=\"index, follow, max-snippet:-1, max-image-preview:large, max-video-preview:-1\" \/>\r\n<link rel=\"canonical\" href=\"https:\/\/inderca.com\/nueva\/electrodos\/\" \/>\r\n<meta property=\"og:locale\" content=\"es_ES\" \/>\r\n<meta property=\"og:type\" content=\"article\" \/>\r\n<meta property=\"og:title\" content=\"Electrodos - CM Inderca\" \/>\r\n<meta property=\"og:description\" content=\"Electrodos\" \/>\r\n<meta property=\"og:url\" content=\"https:\/\/inderca.com\/nueva\/electrodos\/\" \/>\r\n<meta property=\"og:site_name\" content=\"CM Inderca\" \/>\r\n<meta property=\"article:publisher\" content=\"https:\/\/www.facebook.com\/CMInderca\/\" \/>\r\n<meta property=\"article:modified_time\" content=\"2022-11-21T15:22:32+00:00\" \/>\r\n<meta name=\"twitter:card\" content=\"summary_large_image\" \/>\r\n<meta name=\"twitter:label1\" content=\"Tiempo de lectura\" \/>\n\t<meta name=\"twitter:data1\" content=\"3 minutos\" \/>\r\n<script type=\"application\/ld+json\" class=\"yoast-schema-graph\">{\"@context\":\"https:\\\/\\\/schema.org\",\"@graph\":[{\"@type\":\"WebPage\",\"@id\":\"https:\\\/\\\/inderca.com\\\/nueva\\\/electrodos\\\/\",\"url\":\"https:\\\/\\\/inderca.com\\\/nueva\\\/electrodos\\\/\",\"name\":\"Electrodos - CM Inderca\",\"isPartOf\":{\"@id\":\"http:\\\/\\\/inderca.com\\\/nueva\\\/#website\"},\"datePublished\":\"2021-06-11T14:57:44+00:00\",\"dateModified\":\"2022-11-21T15:22:32+00:00\",\"description\":\"Electrodos\",\"breadcrumb\":{\"@id\":\"https:\\\/\\\/inderca.com\\\/nueva\\\/electrodos\\\/#breadcrumb\"},\"inLanguage\":\"es\",\"potentialAction\":[{\"@type\":\"ReadAction\",\"target\":[\"https:\\\/\\\/inderca.com\\\/nueva\\\/electrodos\\\/\"]}]},{\"@type\":\"BreadcrumbList\",\"@id\":\"https:\\\/\\\/inderca.com\\\/nueva\\\/electrodos\\\/#breadcrumb\",\"itemListElement\":[{\"@type\":\"ListItem\",\"position\":1,\"name\":\"Portada\",\"item\":\"http:\\\/\\\/inderca.com\\\/nueva\\\/\"},{\"@type\":\"ListItem\",\"position\":2,\"name\":\"Electrodos\"}]},{\"@type\":\"WebSite\",\"@id\":\"http:\\\/\\\/inderca.com\\\/nueva\\\/#website\",\"url\":\"http:\\\/\\\/inderca.com\\\/nueva\\\/\",\"name\":\"CM Inderca\",\"description\":\"Tools &amp; Tooling\",\"publisher\":{\"@id\":\"http:\\\/\\\/inderca.com\\\/nueva\\\/#organization\"},\"potentialAction\":[{\"@type\":\"SearchAction\",\"target\":{\"@type\":\"EntryPoint\",\"urlTemplate\":\"http:\\\/\\\/inderca.com\\\/nueva\\\/?s={search_term_string}\"},\"query-input\":{\"@type\":\"PropertyValueSpecification\",\"valueRequired\":true,\"valueName\":\"search_term_string\"}}],\"inLanguage\":\"es\"},{\"@type\":\"Organization\",\"@id\":\"http:\\\/\\\/inderca.com\\\/nueva\\\/#organization\",\"name\":\"Componentes Mec\u00e1nicos Inderca SL\",\"url\":\"http:\\\/\\\/inderca.com\\\/nueva\\\/\",\"logo\":{\"@type\":\"ImageObject\",\"inLanguage\":\"es\",\"@id\":\"http:\\\/\\\/inderca.com\\\/nueva\\\/#\\\/schema\\\/logo\\\/image\\\/\",\"url\":\"https:\\\/\\\/inderca.com\\\/nueva\\\/wp-content\\\/uploads\\\/2021\\\/05\\\/logocolor-e1623673067550.png\",\"contentUrl\":\"https:\\\/\\\/inderca.com\\\/nueva\\\/wp-content\\\/uploads\\\/2021\\\/05\\\/logocolor-e1623673067550.png\",\"width\":300,\"height\":81,\"caption\":\"Componentes Mec\u00e1nicos Inderca SL\"},\"image\":{\"@id\":\"http:\\\/\\\/inderca.com\\\/nueva\\\/#\\\/schema\\\/logo\\\/image\\\/\"},\"sameAs\":[\"https:\\\/\\\/www.facebook.com\\\/CMInderca\\\/\",\"https:\\\/\\\/es.linkedin.com\\\/company\\\/inderca\"]}]}<\/script>\r\n<!-- \/ Yoast SEO plugin. -->","yoast_head_json":{"title":"Electrodos - CM Inderca","description":"Electrodos","robots":{"index":"index","follow":"follow","max-snippet":"max-snippet:-1","max-image-preview":"max-image-preview:large","max-video-preview":"max-video-preview:-1"},"canonical":"https:\/\/inderca.com\/nueva\/electrodos\/","og_locale":"es_ES","og_type":"article","og_title":"Electrodos - CM Inderca","og_description":"Electrodos","og_url":"https:\/\/inderca.com\/nueva\/electrodos\/","og_site_name":"CM Inderca","article_publisher":"https:\/\/www.facebook.com\/CMInderca\/","article_modified_time":"2022-11-21T15:22:32+00:00","twitter_card":"summary_large_image","twitter_misc":{"Tiempo de lectura":"3 minutos"},"schema":{"@context":"https:\/\/schema.org","@graph":[{"@type":"WebPage","@id":"https:\/\/inderca.com\/nueva\/electrodos\/","url":"https:\/\/inderca.com\/nueva\/electrodos\/","name":"Electrodos - CM Inderca","isPartOf":{"@id":"http:\/\/inderca.com\/nueva\/#website"},"datePublished":"2021-06-11T14:57:44+00:00","dateModified":"2022-11-21T15:22:32+00:00","description":"Electrodos","breadcrumb":{"@id":"https:\/\/inderca.com\/nueva\/electrodos\/#breadcrumb"},"inLanguage":"es","potentialAction":[{"@type":"ReadAction","target":["https:\/\/inderca.com\/nueva\/electrodos\/"]}]},{"@type":"BreadcrumbList","@id":"https:\/\/inderca.com\/nueva\/electrodos\/#breadcrumb","itemListElement":[{"@type":"ListItem","position":1,"name":"Portada","item":"http:\/\/inderca.com\/nueva\/"},{"@type":"ListItem","position":2,"name":"Electrodos"}]},{"@type":"WebSite","@id":"http:\/\/inderca.com\/nueva\/#website","url":"http:\/\/inderca.com\/nueva\/","name":"CM Inderca","description":"Tools &amp; Tooling","publisher":{"@id":"http:\/\/inderca.com\/nueva\/#organization"},"potentialAction":[{"@type":"SearchAction","target":{"@type":"EntryPoint","urlTemplate":"http:\/\/inderca.com\/nueva\/?s={search_term_string}"},"query-input":{"@type":"PropertyValueSpecification","valueRequired":true,"valueName":"search_term_string"}}],"inLanguage":"es"},{"@type":"Organization","@id":"http:\/\/inderca.com\/nueva\/#organization","name":"Componentes Mec\u00e1nicos Inderca SL","url":"http:\/\/inderca.com\/nueva\/","logo":{"@type":"ImageObject","inLanguage":"es","@id":"http:\/\/inderca.com\/nueva\/#\/schema\/logo\/image\/","url":"https:\/\/inderca.com\/nueva\/wp-content\/uploads\/2021\/05\/logocolor-e1623673067550.png","contentUrl":"https:\/\/inderca.com\/nueva\/wp-content\/uploads\/2021\/05\/logocolor-e1623673067550.png","width":300,"height":81,"caption":"Componentes Mec\u00e1nicos Inderca SL"},"image":{"@id":"http:\/\/inderca.com\/nueva\/#\/schema\/logo\/image\/"},"sameAs":["https:\/\/www.facebook.com\/CMInderca\/","https:\/\/es.linkedin.com\/company\/inderca"]}]}},"_links":{"self":[{"href":"http:\/\/inderca.com\/nueva\/wp-json\/wp\/v2\/pages\/2090","targetHints":{"allow":["GET"]}}],"collection":[{"href":"http:\/\/inderca.com\/nueva\/wp-json\/wp\/v2\/pages"}],"about":[{"href":"http:\/\/inderca.com\/nueva\/wp-json\/wp\/v2\/types\/page"}],"author":[{"embeddable":true,"href":"http:\/\/inderca.com\/nueva\/wp-json\/wp\/v2\/users\/1"}],"replies":[{"embeddable":true,"href":"http:\/\/inderca.com\/nueva\/wp-json\/wp\/v2\/comments?post=2090"}],"version-history":[{"count":13,"href":"http:\/\/inderca.com\/nueva\/wp-json\/wp\/v2\/pages\/2090\/revisions"}],"predecessor-version":[{"id":2341,"href":"http:\/\/inderca.com\/nueva\/wp-json\/wp\/v2\/pages\/2090\/revisions\/2341"}],"wp:attachment":[{"href":"http:\/\/inderca.com\/nueva\/wp-json\/wp\/v2\/media?parent=2090"}],"curies":[{"name":"wp","href":"https:\/\/api.w.org\/{rel}","templated":true}]}}